


{"id":806,"date":"2026-01-29T16:39:54","date_gmt":"2026-01-29T15:39:54","guid":{"rendered":"https:\/\/minor-labora.de\/?post_type=portfolio&#038;p=806"},"modified":"2026-03-13T13:23:12","modified_gmt":"2026-03-13T12:23:12","slug":"die-entwicklung-der-berliner-stadtgesellschaft-im-spiegel-der-wohnungspolitik","status":"publish","type":"portfolio","link":"https:\/\/minor-labora.de\/fr\/die-entwicklung-der-berliner-stadtgesellschaft-im-spiegel-der-wohnungspolitik\/","title":{"rendered":"Die Entwicklung der Berliner Stadtgesellschaft im Spiegel der Wohnungspolitik"},"content":{"rendered":"<div class=\"wpb-content-wrapper\"><div class=\"vc-row-container container\"><div class=\"vc_row wpb_row vc_row-fluid\"><div class=\"wpb_column vc_column_container vc_col-sm-12\"><div class=\"vc_column-inner\"><div class=\"wpb_wrapper\">\n\t<div class=\"wpb_text_column wpb_content_element\" >\n\t\t<div class=\"wpb_wrapper\">\n\t\t\t<p>Seit dem Mauerfall hat sich Berlin tiefgreifend ver\u00e4ndert. W\u00e4hrend die Stadt zwischen 1990 und 2010 nur langsam wuchs, setzte ab 2010 ein rasanter Bev\u00f6lkerungsanstieg ein \u2013 mit sp\u00fcrbaren Folgen f\u00fcr die Zusammensetzung der Stadtgesellschaft. Parallel dazu hat sich der Wohnungsmarkt stark gewandelt und gilt heute als strukturell angespannt. Entsprechend ist das Thema Wohnen derzeit wieder auf Platz 1 in der politischen Auseinandersetzung. Doch die Debatte um bezahlbaren Wohnraum verweist auf eine weiterreichende Konfliktlinie: Wer kann sich Berlin leisten \u2013 und wer wird an den Rand gedr\u00e4ngt? Darin spiegeln sich die Spannungen zwischen dem Anspruch einer offenen Stadt und den Realit\u00e4ten sozialer Ungleichheit wider.<\/p>\n<p>Gemeinsam mit unserem Gast Ephraim Gothe diskutieren wir im Rahmen der Labora Lecture die wohnungs- und sozialpolitischen Entwicklungen der Berliner Stadtgesellschaft. In seinem Input wird Ephraim Gothe einen Einblick in die vielschichtige Berliner Debatte geben. Er wird besonders auf folgende Fragen eingehen:<\/p>\n<ul>\n<li>Wie hat sich die Berliner Stadtgesellschaft seit dem Mauerfall entwickelt, in ihrer sozialen Diversit\u00e4t und von wo kommen die Menschen?<\/li>\n<li>Warum ist Berlin zwischen 1990 und 2010 so wenig gewachsen und dann bis 2020 so stark?<\/li>\n<li>Wer ist die Berliner Stadtgesellschaft heute?<\/li>\n<\/ul>\n<p>Dies wird durch kurze Inputs aus den Studien sowie der Praxisarbeit von Minor erg\u00e4nzt und im Kreis der eingeladenen Expert*innen diskutiert.<\/p>\n\n\t\t<\/div>\n\t<\/div>\n<\/div><\/div><\/div><\/div><\/div><div class=\"vc-row-container container\"><div class=\"vc_row wpb_row vc_row-fluid\"><div class=\"wpb_column vc_column_container vc_col-sm-6\"><div class=\"vc_column-inner\"><div class=\"wpb_wrapper\"><div  class=\"vc_wp_text wpb_content_element\"><div class=\"widget widget_text\"><h2 class=\"widgettitle\">Zu unserem Gast<\/h2>\t\t\t<div class=\"textwidget\"><p>Ephraim Gothe ist seit November 2017 Stadtrat f\u00fcr Stadtentwicklung und Hochbau im Bezirk Mitte. In dieser Rolle verantwortet er unter anderem das Stadtentwicklungsamt mit den Schwerpunkten Stadtplanung, Bau- und Wohnungsaufsicht, Denkmalschutz und Kataster und Vermessung sowie Facility Management. Zuvor pr\u00e4gte er die Berliner Baupolitik in verschiedenen Funktionen: als pers\u00f6nlicher Referent des Senatsbaudirektors Hans Stimmann (2000-2006), als Bezirksstadtrat f\u00fcr Stadtentwicklung im Bezirk Mitte (2006-2011) und als Staatssekret\u00e4r f\u00fcr Bauen und Wohnen in der Senatsverwaltung f\u00fcr Stadtentwicklung und Umwelt unter dem Senator und sp\u00e4teren Regierenden B\u00fcrgermeister Michael M\u00fcller (2012-2014).<\/p>\n<p><span class=\"TextRun SCXW16290192 BCX2\" lang=\"DE-DE\" xml:lang=\"DE-DE\" data-contrast=\"none\"><span class=\"NormalTextRun SCXW16290192 BCX2\">\u00a0<\/span><\/span><\/p>\n<\/div>\n\t\t<\/div><\/div><\/div><\/div><\/div><div class=\"wpb_column vc_column_container vc_col-sm-6\"><div class=\"vc_column-inner\"><div class=\"wpb_wrapper\"><div  class=\"vc_wp_text wpb_content_element\"><div class=\"widget widget_text\"><h2 class=\"widgettitle\">Zu den Labora Lectures<\/h2>\t\t\t<div class=\"textwidget\"><p><span data-contrast=\"none\">Mit den <\/span><i><span data-contrast=\"none\">Labora Lectures<\/span><\/i><span data-contrast=\"none\"> bringt die Minor\u202f\u2013\u202fLabora Expert*innen aus Wissenschaft, Politik und Praxis in einen intensiven Austausch zu Fragestellungen und sozialen Entwicklungen, die die Zukunftsgestaltung unserer Gesellschaft betreffen. Wir zielen auf ein wechselseitiges Lernen zu innovativen Ideen, Methoden und Handlungsans\u00e4tzen, um die Situation von marginalisierten oder benachteiligten Gruppen zu verbessern. Wir empfangen die G\u00e4ste mit jeweils einem besonderen Wein, weiteren Getr\u00e4nken und etwas Essen, das den Abend im Kaminzimmer begleitet. Die <\/span><i><span data-contrast=\"none\">Labora Lectures<\/span><\/i><span data-contrast=\"none\"> werden in Kooperation mit Minor\u202f\u2013\u202fProjektkontor f\u00fcr Bildung und Forschung, Minor\u202f\u2013\u202fWissenschaft Gesellschaft und La Red\u202f\u2013\u202fVernetzung und Integration organisiert und durchgef\u00fchrt.<\/span><span data-ccp-props=\"{&quot;201341983&quot;:0,&quot;335559738&quot;:40,&quot;335559739&quot;:120,&quot;335559740&quot;:276}\">\u00a0<\/span><\/p>\n<p><span data-contrast=\"none\">Die <\/span><i><span data-contrast=\"none\">Labora Lectures <\/span><\/i><span data-contrast=\"none\">laufen unter Chatham House Rules.<\/span><span data-ccp-props=\"{&quot;201341983&quot;:0,&quot;335559738&quot;:40,&quot;335559739&quot;:120,&quot;335559740&quot;:276}\">\u00a0<\/span><\/p>\n<\/div>\n\t\t<\/div><\/div><\/div><\/div><\/div><\/div><\/div>\n<\/div>","protected":false},"excerpt":{"rendered":"Seit dem Mauerfall hat sich Berlin tiefgreifend ver\u00e4ndert. W\u00e4hrend die Stadt zwischen 1990 und 2010 nur langsam wuchs, setzte ab 2010 ein rasanter Bev\u00f6lkerungsanstieg ein \u2013 mit sp\u00fcrbaren Folgen f\u00fcr die Zusammensetzung der Stadtgesellschaft. Parallel dazu hat sich der Wohnungsmarkt stark gewandelt und gilt heute als strukturell angespannt. Entsprechend ist das Thema Wohnen derzeit wieder&hellip;","protected":false},"author":4,"featured_media":49,"comment_status":"open","ping_status":"closed","template":"","meta":{"_acf_changed":false,"footnotes":""},"portfolio_category":[4],"portfolio_tag":[],"class_list":["post-806","portfolio","type-portfolio","status-publish","has-post-thumbnail","hentry","portfolio_category-veranstaltung"],"acf":[],"_links":{"self":[{"href":"https:\/\/minor-labora.de\/fr\/wp-json\/wp\/v2\/portfolio\/806","targetHints":{"allow":["GET"]}}],"collection":[{"href":"https:\/\/minor-labora.de\/fr\/wp-json\/wp\/v2\/portfolio"}],"about":[{"href":"https:\/\/minor-labora.de\/fr\/wp-json\/wp\/v2\/types\/portfolio"}],"author":[{"embeddable":true,"href":"https:\/\/minor-labora.de\/fr\/wp-json\/wp\/v2\/users\/4"}],"replies":[{"embeddable":true,"href":"https:\/\/minor-labora.de\/fr\/wp-json\/wp\/v2\/comments?post=806"}],"version-history":[{"count":7,"href":"https:\/\/minor-labora.de\/fr\/wp-json\/wp\/v2\/portfolio\/806\/revisions"}],"predecessor-version":[{"id":830,"href":"https:\/\/minor-labora.de\/fr\/wp-json\/wp\/v2\/portfolio\/806\/revisions\/830"}],"wp:featuredmedia":[{"embeddable":true,"href":"https:\/\/minor-labora.de\/fr\/wp-json\/wp\/v2\/media\/49"}],"wp:attachment":[{"href":"https:\/\/minor-labora.de\/fr\/wp-json\/wp\/v2\/media?parent=806"}],"wp:term":[{"taxonomy":"portfolio_category","embeddable":true,"href":"https:\/\/minor-labora.de\/fr\/wp-json\/wp\/v2\/portfolio_category?post=806"},{"taxonomy":"portfolio_tag","embeddable":true,"href":"https:\/\/minor-labora.de\/fr\/wp-json\/wp\/v2\/portfolio_tag?post=806"}],"curies":[{"name":"wp","href":"https:\/\/api.w.org\/{rel}","templated":true}]}}

<div class="wpb-content-wrapper"><div class="vc-row-container container"><div class="vc_row wpb_row vc_row-fluid"><div class="wpb_column vc_column_container vc_col-sm-12"><div class="vc_column-inner"><div class="wpb_wrapper">
	<div class="wpb_text_column wpb_content_element" >
		<div class="wpb_wrapper">
			<p>Seit dem Mauerfall hat sich Berlin tiefgreifend verändert. Während die Stadt zwischen 1990 und 2010 nur langsam wuchs, setzte ab 2010 ein rasanter Bevölkerungsanstieg ein – mit spürbaren Folgen für die Zusammensetzung der Stadtgesellschaft. Parallel dazu hat sich der Wohnungsmarkt stark gewandelt und gilt heute als strukturell angespannt. Entsprechend ist das Thema Wohnen derzeit wieder auf Platz 1 in der politischen Auseinandersetzung. Doch die Debatte um bezahlbaren Wohnraum verweist auf eine weiterreichende Konfliktlinie: Wer kann sich Berlin leisten – und wer wird an den Rand gedrängt? Darin spiegeln sich die Spannungen zwischen dem Anspruch einer offenen Stadt und den Realitäten sozialer Ungleichheit wider.</p>
<p>Gemeinsam mit unserem Gast Ephraim Gothe diskutieren wir im Rahmen der Labora Lecture die wohnungs- und sozialpolitischen Entwicklungen der Berliner Stadtgesellschaft. In seinem Input wird Ephraim Gothe einen Einblick in die vielschichtige Berliner Debatte geben. Er wird besonders auf folgende Fragen eingehen:</p>
<ul>
<li>Wie hat sich die Berliner Stadtgesellschaft seit dem Mauerfall entwickelt, in ihrer sozialen Diversität und von wo kommen die Menschen?</li>
<li>Warum ist Berlin zwischen 1990 und 2010 so wenig gewachsen und dann bis 2020 so stark?</li>
<li>Wer ist die Berliner Stadtgesellschaft heute?</li>
</ul>
<p>Dies wird durch kurze Inputs aus den Studien sowie der Praxisarbeit von Minor ergänzt und im Kreis der eingeladenen Expert*innen diskutiert.</p>

		</div>
	</div>
</div></div></div></div></div><div class="vc-row-container container"><div class="vc_row wpb_row vc_row-fluid"><div class="wpb_column vc_column_container vc_col-sm-6"><div class="vc_column-inner"><div class="wpb_wrapper"><div  class="vc_wp_text wpb_content_element"><div class="widget widget_text"><h2 class="widgettitle">Zu unserem Gast</h2>			<div class="textwidget"><p>Ephraim Gothe ist seit November 2017 Stadtrat für Stadtentwicklung und Hochbau im Bezirk Mitte. In dieser Rolle verantwortet er unter anderem das Stadtentwicklungsamt mit den Schwerpunkten Stadtplanung, Bau- und Wohnungsaufsicht, Denkmalschutz und Kataster und Vermessung sowie Facility Management. Zuvor prägte er die Berliner Baupolitik in verschiedenen Funktionen: als persönlicher Referent des Senatsbaudirektors Hans Stimmann (2000-2006), als Bezirksstadtrat für Stadtentwicklung im Bezirk Mitte (2006-2011) und als Staatssekretär für Bauen und Wohnen in der Senatsverwaltung für Stadtentwicklung und Umwelt unter dem Senator und späteren Regierenden Bürgermeister Michael Müller (2012-2014).</p>
<p><span class="TextRun SCXW16290192 BCX2" lang="DE-DE" xml:lang="DE-DE" data-contrast="none"><span class="NormalTextRun SCXW16290192 BCX2"> </span></span></p>
</div>
		</div></div></div></div></div><div class="wpb_column vc_column_container vc_col-sm-6"><div class="vc_column-inner"><div class="wpb_wrapper"><div  class="vc_wp_text wpb_content_element"><div class="widget widget_text"><h2 class="widgettitle">Zu den Labora Lectures</h2>			<div class="textwidget"><p><span data-contrast="none">Mit den </span><i><span data-contrast="none">Labora Lectures</span></i><span data-contrast="none"> bringt die Minor – Labora Expert*innen aus Wissenschaft, Politik und Praxis in einen intensiven Austausch zu Fragestellungen und sozialen Entwicklungen, die die Zukunftsgestaltung unserer Gesellschaft betreffen. Wir zielen auf ein wechselseitiges Lernen zu innovativen Ideen, Methoden und Handlungsansätzen, um die Situation von marginalisierten oder benachteiligten Gruppen zu verbessern. Wir empfangen die Gäste mit jeweils einem besonderen Wein, weiteren Getränken und etwas Essen, das den Abend im Kaminzimmer begleitet. Die </span><i><span data-contrast="none">Labora Lectures</span></i><span data-contrast="none"> werden in Kooperation mit Minor – Projektkontor für Bildung und Forschung, Minor – Wissenschaft Gesellschaft und La Red – Vernetzung und Integration organisiert und durchgeführt.</span><span data-ccp-props="{&quot;201341983&quot;:0,&quot;335559738&quot;:40,&quot;335559739&quot;:120,&quot;335559740&quot;:276}"> </span></p>
<p><span data-contrast="none">Die </span><i><span data-contrast="none">Labora Lectures </span></i><span data-contrast="none">laufen unter Chatham House Rules.</span><span data-ccp-props="{&quot;201341983&quot;:0,&quot;335559738&quot;:40,&quot;335559739&quot;:120,&quot;335559740&quot;:276}"> </span></p>
</div>
		</div></div></div></div></div></div></div>
</div>

Seit dem Mauerfall hat sich Berlin tiefgreifend verändert. Während die Stadt zwischen 1990 und 2010 nur langsam wuchs, setzte ab 2010 ein rasanter Bevölkerungsanstieg ein – mit spürbaren Folgen für die Zusammensetzung der Stadtgesellschaft. Parallel dazu hat sich der Wohnungsmarkt stark gewandelt und gilt heute als strukturell angespannt. Entsprechend ist das Thema Wohnen derzeit wieder&hellip;
